{"id":1131,"date":"2025-07-24T11:22:46","date_gmt":"2025-07-24T11:22:46","guid":{"rendered":"https:\/\/www.entrearteycultura.es\/?post_type=eap_event&#038;p=1131"},"modified":"2025-12-23T19:51:27","modified_gmt":"2025-12-23T19:51:27","slug":"zamora-y-toro-del-patrimonio-a-los-vinos","status":"publish","type":"eap_event","link":"https:\/\/www.entrearteycultura.es\/?eap_event=zamora-y-toro-del-patrimonio-a-los-vinos","title":{"rendered":"ZAMORA Y TORO: DEL PATRIMONIO A LOS VINOS. Del viernes 21 al domingo 23 de Noviembre."},"content":{"rendered":"\n<p><\/p>\n\n\n\n<p>Esta inmersi\u00f3n en el coraz\u00f3n hist\u00f3rico de Castilla y Le\u00f3n nos lleva a <strong>Zamora<\/strong>, ciudad rom\u00e1nica por excelencia, donde cada iglesia, calle y muralla revela el <strong>esplendor medieval<\/strong> de una tierra fronteriza. Un paseo por su casco antiguo es una lecci\u00f3n viva de arte y arquitectura, con <strong>palacios nobiliarios<\/strong> que custodian siglos de historia y una joya como la <strong>Catedral de Zamora<\/strong> con su cimborrio bizantino y donde se expone este oto\u00f1o la XXVIII edici\u00f3n de Las Edades del Hombre.<\/p>\n\n\n\n<p>En <strong>Toro<\/strong>, ciudad monumental situada sobre el Duero que fue en su momento <strong>sede de cortes y cuna de reyes<\/strong>, descubriremos la majestuosa <strong>Colegiata de Santa Mar\u00eda la Mayor<\/strong>, con su c\u00e9lebre p\u00f3rtico policromado de la Majestad, ejemplo destacado del rom\u00e1nico espa\u00f1ol, as\u00ed como su conjunto de iglesias entre las que destacan las Rom\u00e1nico-Mud\u00e9jares: <strong>San Lorenzo el Real y la del Santo Sepulcro<\/strong>. Procuraremos visitar alguna bodega de la D.O. Toro, reconocidos por su intensidad y car\u00e1cter.<\/p>\n","protected":false},"excerpt":{"rendered":"<p>Esta inmersi\u00f3n en el coraz\u00f3n hist\u00f3rico de Castilla y Le\u00f3n nos lleva a Zamora, ciudad rom\u00e1nica por excelencia, donde cada iglesia, calle y muralla revela el esplendor medieval de una tierra fronteriza. Un paseo por su casco antiguo es una lecci\u00f3n viva de arte y arquitectura, con palacios nobiliarios que custodian siglos de historia y [&hellip;]<\/p>\n","protected":false},"author":1,"featured_media":1132,"comment_status":"open","ping_status":"closed","template":"","categories":[45],"class_list":["post-1131","eap_event","type-eap_event","status-publish","has-post-thumbnail","hentry","category-eventos-pasados"],"yoast_head":"<!-- This site is optimized with the Yoast SEO plugin v27.5 - https:\/\/yoast.com\/product\/yoast-seo-wordpress\/ -->\n<title>ZAMORA Y TORO: DEL PATRIMONIO A LOS VINOS. Del viernes 21 al domingo 23 de Noviembre. - Entre Arte y cultura<\/title>\n<meta name=\"robots\" content=\"index, follow, max-snippet:-1, max-image-preview:large, max-video-preview:-1\" \/>\n<link rel=\"canonical\" href=\"https:\/\/www.entrearteycultura.es\/?eap_event=zamora-y-toro-del-patrimonio-a-los-vinos\" \/>\n<meta property=\"og:locale\" content=\"en_US\" \/>\n<meta property=\"og:type\" content=\"article\" \/>\n<meta property=\"og:title\" content=\"ZAMORA Y TORO: DEL PATRIMONIO A LOS VINOS. Del viernes 21 al domingo 23 de Noviembre. - Entre Arte y cultura\" \/>\n<meta property=\"og:description\" content=\"Esta inmersi\u00f3n en el coraz\u00f3n hist\u00f3rico de Castilla y Le\u00f3n nos lleva a Zamora, ciudad rom\u00e1nica por excelencia, donde cada iglesia, calle y muralla revela el esplendor medieval de una tierra fronteriza. Un paseo por su casco antiguo es una lecci\u00f3n viva de arte y arquitectura, con palacios nobiliarios que custodian siglos de historia y [&hellip;]\" \/>\n<meta property=\"og:url\" content=\"https:\/\/www.entrearteycultura.es\/?eap_event=zamora-y-toro-del-patrimonio-a-los-vinos\" \/>\n<meta property=\"og:site_name\" content=\"Entre Arte y cultura\" \/>\n<meta property=\"article:modified_time\" content=\"2025-12-23T19:51:27+00:00\" \/>\n<meta property=\"og:image\" content=\"https:\/\/www.entrearteycultura.es\/wp-content\/uploads\/2025\/07\/Imagen1.png\" \/>\n\t<meta property=\"og:image:width\" content=\"567\" \/>\n\t<meta property=\"og:image:height\" content=\"161\" \/>\n\t<meta property=\"og:image:type\" content=\"image\/png\" \/>\n<meta name=\"twitter:card\" content=\"summary_large_image\" \/>\n<meta name=\"twitter:label1\" content=\"Est. reading time\" \/>\n\t<meta name=\"twitter:data1\" content=\"1 minute\" \/>\n<script type=\"application\/ld+json\" class=\"yoast-schema-graph\">{\"@context\":\"https:\\\/\\\/schema.org\",\"@graph\":[{\"@type\":\"WebPage\",\"@id\":\"https:\\\/\\\/www.entrearteycultura.es\\\/?eap_event=zamora-y-toro-del-patrimonio-a-los-vinos\",\"url\":\"https:\\\/\\\/www.entrearteycultura.es\\\/?eap_event=zamora-y-toro-del-patrimonio-a-los-vinos\",\"name\":\"ZAMORA Y TORO: DEL PATRIMONIO A LOS VINOS. Del viernes 21 al domingo 23 de Noviembre. - Entre Arte y cultura\",\"isPartOf\":{\"@id\":\"https:\\\/\\\/www.entrearteycultura.es\\\/#website\"},\"primaryImageOfPage\":{\"@id\":\"https:\\\/\\\/www.entrearteycultura.es\\\/?eap_event=zamora-y-toro-del-patrimonio-a-los-vinos#primaryimage\"},\"image\":{\"@id\":\"https:\\\/\\\/www.entrearteycultura.es\\\/?eap_event=zamora-y-toro-del-patrimonio-a-los-vinos#primaryimage\"},\"thumbnailUrl\":\"https:\\\/\\\/www.entrearteycultura.es\\\/wp-content\\\/uploads\\\/2025\\\/07\\\/Imagen1.png\",\"datePublished\":\"2025-07-24T11:22:46+00:00\",\"dateModified\":\"2025-12-23T19:51:27+00:00\",\"breadcrumb\":{\"@id\":\"https:\\\/\\\/www.entrearteycultura.es\\\/?eap_event=zamora-y-toro-del-patrimonio-a-los-vinos#breadcrumb\"},\"inLanguage\":\"en-US\",\"potentialAction\":[{\"@type\":\"ReadAction\",\"target\":[\"https:\\\/\\\/www.entrearteycultura.es\\\/?eap_event=zamora-y-toro-del-patrimonio-a-los-vinos\"]}]},{\"@type\":\"ImageObject\",\"inLanguage\":\"en-US\",\"@id\":\"https:\\\/\\\/www.entrearteycultura.es\\\/?eap_event=zamora-y-toro-del-patrimonio-a-los-vinos#primaryimage\",\"url\":\"https:\\\/\\\/www.entrearteycultura.es\\\/wp-content\\\/uploads\\\/2025\\\/07\\\/Imagen1.png\",\"contentUrl\":\"https:\\\/\\\/www.entrearteycultura.es\\\/wp-content\\\/uploads\\\/2025\\\/07\\\/Imagen1.png\",\"width\":567,\"height\":161},{\"@type\":\"BreadcrumbList\",\"@id\":\"https:\\\/\\\/www.entrearteycultura.es\\\/?eap_event=zamora-y-toro-del-patrimonio-a-los-vinos#breadcrumb\",\"itemListElement\":[{\"@type\":\"ListItem\",\"position\":1,\"name\":\"Portada\",\"item\":\"https:\\\/\\\/www.entrearteycultura.es\\\/\"},{\"@type\":\"ListItem\",\"position\":2,\"name\":\"Events\",\"item\":\"https:\\\/\\\/www.entrearteycultura.es\\\/?post_type=eap_event\"},{\"@type\":\"ListItem\",\"position\":3,\"name\":\"ZAMORA Y TORO: DEL PATRIMONIO A LOS VINOS. Del viernes 21 al domingo 23 de Noviembre.\"}]},{\"@type\":\"WebSite\",\"@id\":\"https:\\\/\\\/www.entrearteycultura.es\\\/#website\",\"url\":\"https:\\\/\\\/www.entrearteycultura.es\\\/\",\"name\":\"Entre Arte y cultura\",\"description\":\"Viajes, eventos cuturales, conferencias y tertulias\",\"potentialAction\":[{\"@type\":\"SearchAction\",\"target\":{\"@type\":\"EntryPoint\",\"urlTemplate\":\"https:\\\/\\\/www.entrearteycultura.es\\\/?s={search_term_string}\"},\"query-input\":{\"@type\":\"PropertyValueSpecification\",\"valueRequired\":true,\"valueName\":\"search_term_string\"}}],\"inLanguage\":\"en-US\"}]}<\/script>\n<!-- \/ Yoast SEO plugin. -->","yoast_head_json":{"title":"ZAMORA Y TORO: DEL PATRIMONIO A LOS VINOS. Del viernes 21 al domingo 23 de Noviembre. - Entre Arte y cultura","robots":{"index":"index","follow":"follow","max-snippet":"max-snippet:-1","max-image-preview":"max-image-preview:large","max-video-preview":"max-video-preview:-1"},"canonical":"https:\/\/www.entrearteycultura.es\/?eap_event=zamora-y-toro-del-patrimonio-a-los-vinos","og_locale":"en_US","og_type":"article","og_title":"ZAMORA Y TORO: DEL PATRIMONIO A LOS VINOS. Del viernes 21 al domingo 23 de Noviembre. - Entre Arte y cultura","og_description":"Esta inmersi\u00f3n en el coraz\u00f3n hist\u00f3rico de Castilla y Le\u00f3n nos lleva a Zamora, ciudad rom\u00e1nica por excelencia, donde cada iglesia, calle y muralla revela el esplendor medieval de una tierra fronteriza. Un paseo por su casco antiguo es una lecci\u00f3n viva de arte y arquitectura, con palacios nobiliarios que custodian siglos de historia y [&hellip;]","og_url":"https:\/\/www.entrearteycultura.es\/?eap_event=zamora-y-toro-del-patrimonio-a-los-vinos","og_site_name":"Entre Arte y cultura","article_modified_time":"2025-12-23T19:51:27+00:00","og_image":[{"width":567,"height":161,"url":"https:\/\/www.entrearteycultura.es\/wp-content\/uploads\/2025\/07\/Imagen1.png","type":"image\/png"}],"twitter_card":"summary_large_image","twitter_misc":{"Est. reading time":"1 minute"},"schema":{"@context":"https:\/\/schema.org","@graph":[{"@type":"WebPage","@id":"https:\/\/www.entrearteycultura.es\/?eap_event=zamora-y-toro-del-patrimonio-a-los-vinos","url":"https:\/\/www.entrearteycultura.es\/?eap_event=zamora-y-toro-del-patrimonio-a-los-vinos","name":"ZAMORA Y TORO: DEL PATRIMONIO A LOS VINOS. Del viernes 21 al domingo 23 de Noviembre. - Entre Arte y cultura","isPartOf":{"@id":"https:\/\/www.entrearteycultura.es\/#website"},"primaryImageOfPage":{"@id":"https:\/\/www.entrearteycultura.es\/?eap_event=zamora-y-toro-del-patrimonio-a-los-vinos#primaryimage"},"image":{"@id":"https:\/\/www.entrearteycultura.es\/?eap_event=zamora-y-toro-del-patrimonio-a-los-vinos#primaryimage"},"thumbnailUrl":"https:\/\/www.entrearteycultura.es\/wp-content\/uploads\/2025\/07\/Imagen1.png","datePublished":"2025-07-24T11:22:46+00:00","dateModified":"2025-12-23T19:51:27+00:00","breadcrumb":{"@id":"https:\/\/www.entrearteycultura.es\/?eap_event=zamora-y-toro-del-patrimonio-a-los-vinos#breadcrumb"},"inLanguage":"en-US","potentialAction":[{"@type":"ReadAction","target":["https:\/\/www.entrearteycultura.es\/?eap_event=zamora-y-toro-del-patrimonio-a-los-vinos"]}]},{"@type":"ImageObject","inLanguage":"en-US","@id":"https:\/\/www.entrearteycultura.es\/?eap_event=zamora-y-toro-del-patrimonio-a-los-vinos#primaryimage","url":"https:\/\/www.entrearteycultura.es\/wp-content\/uploads\/2025\/07\/Imagen1.png","contentUrl":"https:\/\/www.entrearteycultura.es\/wp-content\/uploads\/2025\/07\/Imagen1.png","width":567,"height":161},{"@type":"BreadcrumbList","@id":"https:\/\/www.entrearteycultura.es\/?eap_event=zamora-y-toro-del-patrimonio-a-los-vinos#breadcrumb","itemListElement":[{"@type":"ListItem","position":1,"name":"Portada","item":"https:\/\/www.entrearteycultura.es\/"},{"@type":"ListItem","position":2,"name":"Events","item":"https:\/\/www.entrearteycultura.es\/?post_type=eap_event"},{"@type":"ListItem","position":3,"name":"ZAMORA Y TORO: DEL PATRIMONIO A LOS VINOS. Del viernes 21 al domingo 23 de Noviembre."}]},{"@type":"WebSite","@id":"https:\/\/www.entrearteycultura.es\/#website","url":"https:\/\/www.entrearteycultura.es\/","name":"Entre Arte y cultura","description":"Viajes, eventos cuturales, conferencias y tertulias","potentialAction":[{"@type":"SearchAction","target":{"@type":"EntryPoint","urlTemplate":"https:\/\/www.entrearteycultura.es\/?s={search_term_string}"},"query-input":{"@type":"PropertyValueSpecification","valueRequired":true,"valueName":"search_term_string"}}],"inLanguage":"en-US"}]}},"_links":{"self":[{"href":"https:\/\/www.entrearteycultura.es\/index.php?rest_route=\/wp\/v2\/eap_event\/1131","targetHints":{"allow":["GET"]}}],"collection":[{"href":"https:\/\/www.entrearteycultura.es\/index.php?rest_route=\/wp\/v2\/eap_event"}],"about":[{"href":"https:\/\/www.entrearteycultura.es\/index.php?rest_route=\/wp\/v2\/types\/eap_event"}],"author":[{"embeddable":true,"href":"https:\/\/www.entrearteycultura.es\/index.php?rest_route=\/wp\/v2\/users\/1"}],"replies":[{"embeddable":true,"href":"https:\/\/www.entrearteycultura.es\/index.php?rest_route=%2Fwp%2Fv2%2Fcomments&post=1131"}],"version-history":[{"count":3,"href":"https:\/\/www.entrearteycultura.es\/index.php?rest_route=\/wp\/v2\/eap_event\/1131\/revisions"}],"predecessor-version":[{"id":1173,"href":"https:\/\/www.entrearteycultura.es\/index.php?rest_route=\/wp\/v2\/eap_event\/1131\/revisions\/1173"}],"wp:featuredmedia":[{"embeddable":true,"href":"https:\/\/www.entrearteycultura.es\/index.php?rest_route=\/wp\/v2\/media\/1132"}],"wp:attachment":[{"href":"https:\/\/www.entrearteycultura.es\/index.php?rest_route=%2Fwp%2Fv2%2Fmedia&parent=1131"}],"wp:term":[{"taxonomy":"category","embeddable":true,"href":"https:\/\/www.entrearteycultura.es\/index.php?rest_route=%2Fwp%2Fv2%2Fcategories&post=1131"}],"curies":[{"name":"wp","href":"https:\/\/api.w.org\/{rel}","templated":true}]}}

<p></p>



<p>Esta inmersión en el corazón histórico de Castilla y León nos lleva a <strong>Zamora</strong>, ciudad románica por excelencia, donde cada iglesia, calle y muralla revela el <strong>esplendor medieval</strong> de una tierra fronteriza. Un paseo por su casco antiguo es una lección viva de arte y arquitectura, con <strong>palacios nobiliarios</strong> que custodian siglos de historia y una joya como la <strong>Catedral de Zamora</strong> con su cimborrio bizantino y donde se expone este otoño la XXVIII edición de Las Edades del Hombre.</p>



<p>En <strong>Toro</strong>, ciudad monumental situada sobre el Duero que fue en su momento <strong>sede de cortes y cuna de reyes</strong>, descubriremos la majestuosa <strong>Colegiata de Santa María la Mayor</strong>, con su célebre pórtico policromado de la Majestad, ejemplo destacado del románico español, así como su conjunto de iglesias entre las que destacan las Románico-Mudéjares: <strong>San Lorenzo el Real y la del Santo Sepulcro</strong>. Procuraremos visitar alguna bodega de la D.O. Toro, reconocidos por su intensidad y carácter.</p>

<p>Esta inmersión en el corazón histórico de Castilla y León nos lleva a Zamora, ciudad románica por excelencia, donde cada iglesia, calle y muralla revela el esplendor medieval de una tierra fronteriza. Un paseo por su casco antiguo es una lección viva de arte y arquitectura, con palacios nobiliarios que custodian siglos de historia y [&hellip;]</p>

<!-- This site is optimized with the Yoast SEO plugin v27.5 - https://yoast.com/product/yoast-seo-wordpress/ -->
<title>ZAMORA Y TORO: DEL PATRIMONIO A LOS VINOS. Del viernes 21 al domingo 23 de Noviembre. - Entre Arte y cultura</title>
<meta name="robots" content="index, follow, max-snippet:-1, max-image-preview:large, max-video-preview:-1" />
<link rel="canonical" href="https://www.entrearteycultura.es/?eap_event=zamora-y-toro-del-patrimonio-a-los-vinos" />
<meta property="og:locale" content="en_US" />
<meta property="og:type" content="article" />
<meta property="og:title" content="ZAMORA Y TORO: DEL PATRIMONIO A LOS VINOS. Del viernes 21 al domingo 23 de Noviembre. - Entre Arte y cultura" />
<meta property="og:description" content="Esta inmersión en el corazón histórico de Castilla y León nos lleva a Zamora, ciudad románica por excelencia, donde cada iglesia, calle y muralla revela el esplendor medieval de una tierra fronteriza. Un paseo por su casco antiguo es una lección viva de arte y arquitectura, con palacios nobiliarios que custodian siglos de historia y [&hellip;]" />
<meta property="og:url" content="https://www.entrearteycultura.es/?eap_event=zamora-y-toro-del-patrimonio-a-los-vinos" />
<meta property="og:site_name" content="Entre Arte y cultura" />
<meta property="article:modified_time" content="2025-12-23T19:51:27+00:00" />
<meta property="og:image" content="https://www.entrearteycultura.es/wp-content/uploads/2025/07/Imagen1.png" />
	<meta property="og:image:width" content="567" />
	<meta property="og:image:height" content="161" />
	<meta property="og:image:type" content="image/png" />
<meta name="twitter:card" content="summary_large_image" />
<meta name="twitter:label1" content="Est. reading time" />
	<meta name="twitter:data1" content="1 minute" />
<script type="application/ld+json" class="yoast-schema-graph">{"@context":"https:\/\/schema.org","@graph":[{"@type":"WebPage","@id":"https:\/\/www.entrearteycultura.es\/?eap_event=zamora-y-toro-del-patrimonio-a-los-vinos","url":"https:\/\/www.entrearteycultura.es\/?eap_event=zamora-y-toro-del-patrimonio-a-los-vinos","name":"ZAMORA Y TORO: DEL PATRIMONIO A LOS VINOS. Del viernes 21 al domingo 23 de Noviembre. - Entre Arte y cultura","isPartOf":{"@id":"https:\/\/www.entrearteycultura.es\/#website"},"primaryImageOfPage":{"@id":"https:\/\/www.entrearteycultura.es\/?eap_event=zamora-y-toro-del-patrimonio-a-los-vinos#primaryimage"},"image":{"@id":"https:\/\/www.entrearteycultura.es\/?eap_event=zamora-y-toro-del-patrimonio-a-los-vinos#primaryimage"},"thumbnailUrl":"https:\/\/www.entrearteycultura.es\/wp-content\/uploads\/2025\/07\/Imagen1.png","datePublished":"2025-07-24T11:22:46+00:00","dateModified":"2025-12-23T19:51:27+00:00","breadcrumb":{"@id":"https:\/\/www.entrearteycultura.es\/?eap_event=zamora-y-toro-del-patrimonio-a-los-vinos#breadcrumb"},"inLanguage":"en-US","potentialAction":[{"@type":"ReadAction","target":["https:\/\/www.entrearteycultura.es\/?eap_event=zamora-y-toro-del-patrimonio-a-los-vinos"]}]},{"@type":"ImageObject","inLanguage":"en-US","@id":"https:\/\/www.entrearteycultura.es\/?eap_event=zamora-y-toro-del-patrimonio-a-los-vinos#primaryimage","url":"https:\/\/www.entrearteycultura.es\/wp-content\/uploads\/2025\/07\/Imagen1.png","contentUrl":"https:\/\/www.entrearteycultura.es\/wp-content\/uploads\/2025\/07\/Imagen1.png","width":567,"height":161},{"@type":"BreadcrumbList","@id":"https:\/\/www.entrearteycultura.es\/?eap_event=zamora-y-toro-del-patrimonio-a-los-vinos#breadcrumb","itemListElement":[{"@type":"ListItem","position":1,"name":"Portada","item":"https:\/\/www.entrearteycultura.es\/"},{"@type":"ListItem","position":2,"name":"Events","item":"https:\/\/www.entrearteycultura.es\/?post_type=eap_event"},{"@type":"ListItem","position":3,"name":"ZAMORA Y TORO: DEL PATRIMONIO A LOS VINOS. Del viernes 21 al domingo 23 de Noviembre."}]},{"@type":"WebSite","@id":"https:\/\/www.entrearteycultura.es\/#website","url":"https:\/\/www.entrearteycultura.es\/","name":"Entre Arte y cultura","description":"Viajes, eventos cuturales, conferencias y tertulias","potentialAction":[{"@type":"SearchAction","target":{"@type":"EntryPoint","urlTemplate":"https:\/\/www.entrearteycultura.es\/?s={search_term_string}"},"query-input":{"@type":"PropertyValueSpecification","valueRequired":true,"valueName":"search_term_string"}}],"inLanguage":"en-US"}]}</script>
<!-- / Yoast SEO plugin. -->

Esta inmersión en el corazón histórico de Castilla y León nos lleva a Zamora, ciudad románica por excelencia, donde cada iglesia, calle y muralla revela el esplendor medieval de una tierra fronteriza. Un paseo por su casco antiguo es una lección viva de arte y arquitectura, con palacios nobiliarios que custodian siglos de historia y [&hellip;]
