{"id":1119,"date":"2025-04-07T10:50:24","date_gmt":"2025-04-07T10:50:24","guid":{"rendered":"https:\/\/www.entrearteycultura.es\/?post_type=eap_event&#038;p=1119"},"modified":"2025-06-09T10:51:22","modified_gmt":"2025-06-09T10:51:22","slug":"visita-al-estudio-del-disenador-chus-bures-martes-6-de-mayo-1830h","status":"publish","type":"eap_event","link":"https:\/\/www.entrearteycultura.es\/?eap_event=visita-al-estudio-del-disenador-chus-bures-martes-6-de-mayo-1830h","title":{"rendered":"VISITA AL ESTUDIO DEL DISE\u00d1ADOR CHUS BUR\u00c9S. Martes 6 de mayo, 18:30h."},"content":{"rendered":"\n<p>Chus Bur\u00e9s nos abre su estudio para mostrarnos sus dise\u00f1os de joyas, as\u00ed como las piezas que realiza en colaboraci\u00f3n de artistas (Barcel\u00f3, Louise Bourgeois, Carlos Cruz-Diez, Julio Le Parc, Santiago Sierra, Fernando S\u00e1nchez Castillo\u2026), dise\u00f1adores o arquitectos (Juan Herreros). Tambi\u00e9n nos ense\u00f1ar\u00e1 aquellas famosas colecciones ya m\u00edticas de los a\u00f1os 90 (Infinity Lines) y a\u00f1o 2000 (Buttons, Crochet),  entre otras muchas.<br>Sus piezas se han expuesto en museos espa\u00f1oles (Artes Decorativas, Real Academia de Bellas Artes, Centro Arte Alcobendas\u2026) e internacionales (Leslie Lohman Museum).<br>Bono<\/p>\n","protected":false},"excerpt":{"rendered":"<p>Chus Bur\u00e9s nos abre su estudio para mostrarnos sus dise\u00f1os de joyas, as\u00ed como las piezas que realiza en colaboraci\u00f3n de artistas (Barcel\u00f3, Louise Bourgeois, Carlos Cruz-Diez, Julio Le Parc, Santiago Sierra, Fernando S\u00e1nchez Castillo\u2026), dise\u00f1adores o arquitectos (Juan Herreros). Tambi\u00e9n nos ense\u00f1ar\u00e1 aquellas famosas colecciones ya m\u00edticas de los a\u00f1os 90 (Infinity Lines) y [&hellip;]<\/p>\n","protected":false},"author":1,"featured_media":1120,"comment_status":"open","ping_status":"closed","template":"","categories":[45],"class_list":["post-1119","eap_event","type-eap_event","status-publish","has-post-thumbnail","hentry","category-eventos-pasados"],"yoast_head":"<!-- This site is optimized with the Yoast SEO plugin v27.5 - https:\/\/yoast.com\/product\/yoast-seo-wordpress\/ -->\n<title>VISITA AL ESTUDIO DEL DISE\u00d1ADOR CHUS BUR\u00c9S. Martes 6 de mayo, 18:30h. - Entre Arte y cultura<\/title>\n<meta name=\"robots\" content=\"index, follow, max-snippet:-1, max-image-preview:large, max-video-preview:-1\" \/>\n<link rel=\"canonical\" href=\"https:\/\/www.entrearteycultura.es\/?eap_event=visita-al-estudio-del-disenador-chus-bures-martes-6-de-mayo-1830h\" \/>\n<meta property=\"og:locale\" content=\"en_US\" \/>\n<meta property=\"og:type\" content=\"article\" \/>\n<meta property=\"og:title\" content=\"VISITA AL ESTUDIO DEL DISE\u00d1ADOR CHUS BUR\u00c9S. Martes 6 de mayo, 18:30h. - Entre Arte y cultura\" \/>\n<meta property=\"og:description\" content=\"Chus Bur\u00e9s nos abre su estudio para mostrarnos sus dise\u00f1os de joyas, as\u00ed como las piezas que realiza en colaboraci\u00f3n de artistas (Barcel\u00f3, Louise Bourgeois, Carlos Cruz-Diez, Julio Le Parc, Santiago Sierra, Fernando S\u00e1nchez Castillo\u2026), dise\u00f1adores o arquitectos (Juan Herreros). Tambi\u00e9n nos ense\u00f1ar\u00e1 aquellas famosas colecciones ya m\u00edticas de los a\u00f1os 90 (Infinity Lines) y [&hellip;]\" \/>\n<meta property=\"og:url\" content=\"https:\/\/www.entrearteycultura.es\/?eap_event=visita-al-estudio-del-disenador-chus-bures-martes-6-de-mayo-1830h\" \/>\n<meta property=\"og:site_name\" content=\"Entre Arte y cultura\" \/>\n<meta property=\"article:modified_time\" content=\"2025-06-09T10:51:22+00:00\" \/>\n<meta property=\"og:image\" content=\"https:\/\/www.entrearteycultura.es\/wp-content\/uploads\/2025\/04\/Imagen1.png\" \/>\n\t<meta property=\"og:image:width\" content=\"633\" \/>\n\t<meta property=\"og:image:height\" content=\"232\" \/>\n\t<meta property=\"og:image:type\" content=\"image\/png\" \/>\n<meta name=\"twitter:card\" content=\"summary_large_image\" \/>\n<meta name=\"twitter:label1\" content=\"Est. reading time\" \/>\n\t<meta name=\"twitter:data1\" content=\"1 minute\" \/>\n<script type=\"application\/ld+json\" class=\"yoast-schema-graph\">{\"@context\":\"https:\\\/\\\/schema.org\",\"@graph\":[{\"@type\":\"WebPage\",\"@id\":\"https:\\\/\\\/www.entrearteycultura.es\\\/?eap_event=visita-al-estudio-del-disenador-chus-bures-martes-6-de-mayo-1830h\",\"url\":\"https:\\\/\\\/www.entrearteycultura.es\\\/?eap_event=visita-al-estudio-del-disenador-chus-bures-martes-6-de-mayo-1830h\",\"name\":\"VISITA AL ESTUDIO DEL DISE\u00d1ADOR CHUS BUR\u00c9S. Martes 6 de mayo, 18:30h. - Entre Arte y cultura\",\"isPartOf\":{\"@id\":\"https:\\\/\\\/www.entrearteycultura.es\\\/#website\"},\"primaryImageOfPage\":{\"@id\":\"https:\\\/\\\/www.entrearteycultura.es\\\/?eap_event=visita-al-estudio-del-disenador-chus-bures-martes-6-de-mayo-1830h#primaryimage\"},\"image\":{\"@id\":\"https:\\\/\\\/www.entrearteycultura.es\\\/?eap_event=visita-al-estudio-del-disenador-chus-bures-martes-6-de-mayo-1830h#primaryimage\"},\"thumbnailUrl\":\"https:\\\/\\\/www.entrearteycultura.es\\\/wp-content\\\/uploads\\\/2025\\\/04\\\/Imagen1.png\",\"datePublished\":\"2025-04-07T10:50:24+00:00\",\"dateModified\":\"2025-06-09T10:51:22+00:00\",\"breadcrumb\":{\"@id\":\"https:\\\/\\\/www.entrearteycultura.es\\\/?eap_event=visita-al-estudio-del-disenador-chus-bures-martes-6-de-mayo-1830h#breadcrumb\"},\"inLanguage\":\"en-US\",\"potentialAction\":[{\"@type\":\"ReadAction\",\"target\":[\"https:\\\/\\\/www.entrearteycultura.es\\\/?eap_event=visita-al-estudio-del-disenador-chus-bures-martes-6-de-mayo-1830h\"]}]},{\"@type\":\"ImageObject\",\"inLanguage\":\"en-US\",\"@id\":\"https:\\\/\\\/www.entrearteycultura.es\\\/?eap_event=visita-al-estudio-del-disenador-chus-bures-martes-6-de-mayo-1830h#primaryimage\",\"url\":\"https:\\\/\\\/www.entrearteycultura.es\\\/wp-content\\\/uploads\\\/2025\\\/04\\\/Imagen1.png\",\"contentUrl\":\"https:\\\/\\\/www.entrearteycultura.es\\\/wp-content\\\/uploads\\\/2025\\\/04\\\/Imagen1.png\",\"width\":633,\"height\":232},{\"@type\":\"BreadcrumbList\",\"@id\":\"https:\\\/\\\/www.entrearteycultura.es\\\/?eap_event=visita-al-estudio-del-disenador-chus-bures-martes-6-de-mayo-1830h#breadcrumb\",\"itemListElement\":[{\"@type\":\"ListItem\",\"position\":1,\"name\":\"Portada\",\"item\":\"https:\\\/\\\/www.entrearteycultura.es\\\/\"},{\"@type\":\"ListItem\",\"position\":2,\"name\":\"Events\",\"item\":\"https:\\\/\\\/www.entrearteycultura.es\\\/?post_type=eap_event\"},{\"@type\":\"ListItem\",\"position\":3,\"name\":\"VISITA AL ESTUDIO DEL DISE\u00d1ADOR CHUS BUR\u00c9S. Martes 6 de mayo, 18:30h.\"}]},{\"@type\":\"WebSite\",\"@id\":\"https:\\\/\\\/www.entrearteycultura.es\\\/#website\",\"url\":\"https:\\\/\\\/www.entrearteycultura.es\\\/\",\"name\":\"Entre Arte y cultura\",\"description\":\"Viajes, eventos cuturales, conferencias y tertulias\",\"potentialAction\":[{\"@type\":\"SearchAction\",\"target\":{\"@type\":\"EntryPoint\",\"urlTemplate\":\"https:\\\/\\\/www.entrearteycultura.es\\\/?s={search_term_string}\"},\"query-input\":{\"@type\":\"PropertyValueSpecification\",\"valueRequired\":true,\"valueName\":\"search_term_string\"}}],\"inLanguage\":\"en-US\"}]}<\/script>\n<!-- \/ Yoast SEO plugin. -->","yoast_head_json":{"title":"VISITA AL ESTUDIO DEL DISE\u00d1ADOR CHUS BUR\u00c9S. Martes 6 de mayo, 18:30h. - Entre Arte y cultura","robots":{"index":"index","follow":"follow","max-snippet":"max-snippet:-1","max-image-preview":"max-image-preview:large","max-video-preview":"max-video-preview:-1"},"canonical":"https:\/\/www.entrearteycultura.es\/?eap_event=visita-al-estudio-del-disenador-chus-bures-martes-6-de-mayo-1830h","og_locale":"en_US","og_type":"article","og_title":"VISITA AL ESTUDIO DEL DISE\u00d1ADOR CHUS BUR\u00c9S. Martes 6 de mayo, 18:30h. - Entre Arte y cultura","og_description":"Chus Bur\u00e9s nos abre su estudio para mostrarnos sus dise\u00f1os de joyas, as\u00ed como las piezas que realiza en colaboraci\u00f3n de artistas (Barcel\u00f3, Louise Bourgeois, Carlos Cruz-Diez, Julio Le Parc, Santiago Sierra, Fernando S\u00e1nchez Castillo\u2026), dise\u00f1adores o arquitectos (Juan Herreros). Tambi\u00e9n nos ense\u00f1ar\u00e1 aquellas famosas colecciones ya m\u00edticas de los a\u00f1os 90 (Infinity Lines) y [&hellip;]","og_url":"https:\/\/www.entrearteycultura.es\/?eap_event=visita-al-estudio-del-disenador-chus-bures-martes-6-de-mayo-1830h","og_site_name":"Entre Arte y cultura","article_modified_time":"2025-06-09T10:51:22+00:00","og_image":[{"width":633,"height":232,"url":"https:\/\/www.entrearteycultura.es\/wp-content\/uploads\/2025\/04\/Imagen1.png","type":"image\/png"}],"twitter_card":"summary_large_image","twitter_misc":{"Est. reading time":"1 minute"},"schema":{"@context":"https:\/\/schema.org","@graph":[{"@type":"WebPage","@id":"https:\/\/www.entrearteycultura.es\/?eap_event=visita-al-estudio-del-disenador-chus-bures-martes-6-de-mayo-1830h","url":"https:\/\/www.entrearteycultura.es\/?eap_event=visita-al-estudio-del-disenador-chus-bures-martes-6-de-mayo-1830h","name":"VISITA AL ESTUDIO DEL DISE\u00d1ADOR CHUS BUR\u00c9S. Martes 6 de mayo, 18:30h. - Entre Arte y cultura","isPartOf":{"@id":"https:\/\/www.entrearteycultura.es\/#website"},"primaryImageOfPage":{"@id":"https:\/\/www.entrearteycultura.es\/?eap_event=visita-al-estudio-del-disenador-chus-bures-martes-6-de-mayo-1830h#primaryimage"},"image":{"@id":"https:\/\/www.entrearteycultura.es\/?eap_event=visita-al-estudio-del-disenador-chus-bures-martes-6-de-mayo-1830h#primaryimage"},"thumbnailUrl":"https:\/\/www.entrearteycultura.es\/wp-content\/uploads\/2025\/04\/Imagen1.png","datePublished":"2025-04-07T10:50:24+00:00","dateModified":"2025-06-09T10:51:22+00:00","breadcrumb":{"@id":"https:\/\/www.entrearteycultura.es\/?eap_event=visita-al-estudio-del-disenador-chus-bures-martes-6-de-mayo-1830h#breadcrumb"},"inLanguage":"en-US","potentialAction":[{"@type":"ReadAction","target":["https:\/\/www.entrearteycultura.es\/?eap_event=visita-al-estudio-del-disenador-chus-bures-martes-6-de-mayo-1830h"]}]},{"@type":"ImageObject","inLanguage":"en-US","@id":"https:\/\/www.entrearteycultura.es\/?eap_event=visita-al-estudio-del-disenador-chus-bures-martes-6-de-mayo-1830h#primaryimage","url":"https:\/\/www.entrearteycultura.es\/wp-content\/uploads\/2025\/04\/Imagen1.png","contentUrl":"https:\/\/www.entrearteycultura.es\/wp-content\/uploads\/2025\/04\/Imagen1.png","width":633,"height":232},{"@type":"BreadcrumbList","@id":"https:\/\/www.entrearteycultura.es\/?eap_event=visita-al-estudio-del-disenador-chus-bures-martes-6-de-mayo-1830h#breadcrumb","itemListElement":[{"@type":"ListItem","position":1,"name":"Portada","item":"https:\/\/www.entrearteycultura.es\/"},{"@type":"ListItem","position":2,"name":"Events","item":"https:\/\/www.entrearteycultura.es\/?post_type=eap_event"},{"@type":"ListItem","position":3,"name":"VISITA AL ESTUDIO DEL DISE\u00d1ADOR CHUS BUR\u00c9S. Martes 6 de mayo, 18:30h."}]},{"@type":"WebSite","@id":"https:\/\/www.entrearteycultura.es\/#website","url":"https:\/\/www.entrearteycultura.es\/","name":"Entre Arte y cultura","description":"Viajes, eventos cuturales, conferencias y tertulias","potentialAction":[{"@type":"SearchAction","target":{"@type":"EntryPoint","urlTemplate":"https:\/\/www.entrearteycultura.es\/?s={search_term_string}"},"query-input":{"@type":"PropertyValueSpecification","valueRequired":true,"valueName":"search_term_string"}}],"inLanguage":"en-US"}]}},"_links":{"self":[{"href":"https:\/\/www.entrearteycultura.es\/index.php?rest_route=\/wp\/v2\/eap_event\/1119","targetHints":{"allow":["GET"]}}],"collection":[{"href":"https:\/\/www.entrearteycultura.es\/index.php?rest_route=\/wp\/v2\/eap_event"}],"about":[{"href":"https:\/\/www.entrearteycultura.es\/index.php?rest_route=\/wp\/v2\/types\/eap_event"}],"author":[{"embeddable":true,"href":"https:\/\/www.entrearteycultura.es\/index.php?rest_route=\/wp\/v2\/users\/1"}],"replies":[{"embeddable":true,"href":"https:\/\/www.entrearteycultura.es\/index.php?rest_route=%2Fwp%2Fv2%2Fcomments&post=1119"}],"version-history":[{"count":1,"href":"https:\/\/www.entrearteycultura.es\/index.php?rest_route=\/wp\/v2\/eap_event\/1119\/revisions"}],"predecessor-version":[{"id":1121,"href":"https:\/\/www.entrearteycultura.es\/index.php?rest_route=\/wp\/v2\/eap_event\/1119\/revisions\/1121"}],"wp:featuredmedia":[{"embeddable":true,"href":"https:\/\/www.entrearteycultura.es\/index.php?rest_route=\/wp\/v2\/media\/1120"}],"wp:attachment":[{"href":"https:\/\/www.entrearteycultura.es\/index.php?rest_route=%2Fwp%2Fv2%2Fmedia&parent=1119"}],"wp:term":[{"taxonomy":"category","embeddable":true,"href":"https:\/\/www.entrearteycultura.es\/index.php?rest_route=%2Fwp%2Fv2%2Fcategories&post=1119"}],"curies":[{"name":"wp","href":"https:\/\/api.w.org\/{rel}","templated":true}]}}

VISITA AL ESTUDIO DEL DISEÑADOR CHUS BURÉS. Martes 6 de mayo, 18:30h.

<p>Chus Burés nos abre su estudio para mostrarnos sus diseños de joyas, así como las piezas que realiza en colaboración de artistas (Barceló, Louise Bourgeois, Carlos Cruz-Diez, Julio Le Parc, Santiago Sierra, Fernando Sánchez Castillo…), diseñadores o arquitectos (Juan Herreros). También nos enseñará aquellas famosas colecciones ya míticas de los años 90 (Infinity Lines) y año 2000 (Buttons, Crochet),  entre otras muchas.<br>Sus piezas se han expuesto en museos españoles (Artes Decorativas, Real Academia de Bellas Artes, Centro Arte Alcobendas…) e internacionales (Leslie Lohman Museum).<br>Bono</p>

<p>Chus Burés nos abre su estudio para mostrarnos sus diseños de joyas, así como las piezas que realiza en colaboración de artistas (Barceló, Louise Bourgeois, Carlos Cruz-Diez, Julio Le Parc, Santiago Sierra, Fernando Sánchez Castillo…), diseñadores o arquitectos (Juan Herreros). También nos enseñará aquellas famosas colecciones ya míticas de los años 90 (Infinity Lines) y [&hellip;]</p>

<!-- This site is optimized with the Yoast SEO plugin v27.5 - https://yoast.com/product/yoast-seo-wordpress/ -->
<title>VISITA AL ESTUDIO DEL DISEÑADOR CHUS BURÉS. Martes 6 de mayo, 18:30h. - Entre Arte y cultura</title>
<meta name="robots" content="index, follow, max-snippet:-1, max-image-preview:large, max-video-preview:-1" />
<link rel="canonical" href="https://www.entrearteycultura.es/?eap_event=visita-al-estudio-del-disenador-chus-bures-martes-6-de-mayo-1830h" />
<meta property="og:locale" content="en_US" />
<meta property="og:type" content="article" />
<meta property="og:title" content="VISITA AL ESTUDIO DEL DISEÑADOR CHUS BURÉS. Martes 6 de mayo, 18:30h. - Entre Arte y cultura" />
<meta property="og:description" content="Chus Burés nos abre su estudio para mostrarnos sus diseños de joyas, así como las piezas que realiza en colaboración de artistas (Barceló, Louise Bourgeois, Carlos Cruz-Diez, Julio Le Parc, Santiago Sierra, Fernando Sánchez Castillo…), diseñadores o arquitectos (Juan Herreros). También nos enseñará aquellas famosas colecciones ya míticas de los años 90 (Infinity Lines) y [&hellip;]" />
<meta property="og:url" content="https://www.entrearteycultura.es/?eap_event=visita-al-estudio-del-disenador-chus-bures-martes-6-de-mayo-1830h" />
<meta property="og:site_name" content="Entre Arte y cultura" />
<meta property="article:modified_time" content="2025-06-09T10:51:22+00:00" />
<meta property="og:image" content="https://www.entrearteycultura.es/wp-content/uploads/2025/04/Imagen1.png" />
	<meta property="og:image:width" content="633" />
	<meta property="og:image:height" content="232" />
	<meta property="og:image:type" content="image/png" />
<meta name="twitter:card" content="summary_large_image" />
<meta name="twitter:label1" content="Est. reading time" />
	<meta name="twitter:data1" content="1 minute" />
<script type="application/ld+json" class="yoast-schema-graph">{"@context":"https:\/\/schema.org","@graph":[{"@type":"WebPage","@id":"https:\/\/www.entrearteycultura.es\/?eap_event=visita-al-estudio-del-disenador-chus-bures-martes-6-de-mayo-1830h","url":"https:\/\/www.entrearteycultura.es\/?eap_event=visita-al-estudio-del-disenador-chus-bures-martes-6-de-mayo-1830h","name":"VISITA AL ESTUDIO DEL DISEÑADOR CHUS BURÉS. Martes 6 de mayo, 18:30h. - Entre Arte y cultura","isPartOf":{"@id":"https:\/\/www.entrearteycultura.es\/#website"},"primaryImageOfPage":{"@id":"https:\/\/www.entrearteycultura.es\/?eap_event=visita-al-estudio-del-disenador-chus-bures-martes-6-de-mayo-1830h#primaryimage"},"image":{"@id":"https:\/\/www.entrearteycultura.es\/?eap_event=visita-al-estudio-del-disenador-chus-bures-martes-6-de-mayo-1830h#primaryimage"},"thumbnailUrl":"https:\/\/www.entrearteycultura.es\/wp-content\/uploads\/2025\/04\/Imagen1.png","datePublished":"2025-04-07T10:50:24+00:00","dateModified":"2025-06-09T10:51:22+00:00","breadcrumb":{"@id":"https:\/\/www.entrearteycultura.es\/?eap_event=visita-al-estudio-del-disenador-chus-bures-martes-6-de-mayo-1830h#breadcrumb"},"inLanguage":"en-US","potentialAction":[{"@type":"ReadAction","target":["https:\/\/www.entrearteycultura.es\/?eap_event=visita-al-estudio-del-disenador-chus-bures-martes-6-de-mayo-1830h"]}]},{"@type":"ImageObject","inLanguage":"en-US","@id":"https:\/\/www.entrearteycultura.es\/?eap_event=visita-al-estudio-del-disenador-chus-bures-martes-6-de-mayo-1830h#primaryimage","url":"https:\/\/www.entrearteycultura.es\/wp-content\/uploads\/2025\/04\/Imagen1.png","contentUrl":"https:\/\/www.entrearteycultura.es\/wp-content\/uploads\/2025\/04\/Imagen1.png","width":633,"height":232},{"@type":"BreadcrumbList","@id":"https:\/\/www.entrearteycultura.es\/?eap_event=visita-al-estudio-del-disenador-chus-bures-martes-6-de-mayo-1830h#breadcrumb","itemListElement":[{"@type":"ListItem","position":1,"name":"Portada","item":"https:\/\/www.entrearteycultura.es\/"},{"@type":"ListItem","position":2,"name":"Events","item":"https:\/\/www.entrearteycultura.es\/?post_type=eap_event"},{"@type":"ListItem","position":3,"name":"VISITA AL ESTUDIO DEL DISEÑADOR CHUS BURÉS. Martes 6 de mayo, 18:30h."}]},{"@type":"WebSite","@id":"https:\/\/www.entrearteycultura.es\/#website","url":"https:\/\/www.entrearteycultura.es\/","name":"Entre Arte y cultura","description":"Viajes, eventos cuturales, conferencias y tertulias","potentialAction":[{"@type":"SearchAction","target":{"@type":"EntryPoint","urlTemplate":"https:\/\/www.entrearteycultura.es\/?s={search_term_string}"},"query-input":{"@type":"PropertyValueSpecification","valueRequired":true,"valueName":"search_term_string"}}],"inLanguage":"en-US"}]}</script>
<!-- / Yoast SEO plugin. -->

VISITA AL ESTUDIO DEL DISEÑADOR CHUS BURÉS. Martes 6 de mayo, 18:30h. - Entre Arte y cultura

Chus Burés nos abre su estudio para mostrarnos sus diseños de joyas, así como las piezas que realiza en colaboración de artistas (Barceló, Louise Bourgeois, Carlos Cruz-Diez, Julio Le Parc, Santiago Sierra, Fernando Sánchez Castillo…), diseñadores o arquitectos (Juan Herreros). También nos enseñará aquellas famosas colecciones ya míticas de los años 90 (Infinity Lines) y [&hellip;]
