{"id":1070,"date":"2025-01-17T13:05:30","date_gmt":"2025-01-17T13:05:30","guid":{"rendered":"https:\/\/www.entrearteycultura.es\/?post_type=eap_event&#038;p=1070"},"modified":"2025-03-02T10:05:43","modified_gmt":"2025-03-02T10:05:43","slug":"escapada-de-dia-valladolid-exposicion-de-la-roldana-sabado-1-de-marzo","status":"publish","type":"eap_event","link":"https:\/\/www.entrearteycultura.es\/?eap_event=escapada-de-dia-valladolid-exposicion-de-la-roldana-sabado-1-de-marzo","title":{"rendered":"ESCAPADA DE D\u00cdA: VALLADOLID, exposici\u00f3n de La Roldana. S\u00e1bado 1 de marzo"},"content":{"rendered":"\n<p>Con ocasi\u00f3n de la magn\u00edfica exposici\u00f3n sobre la obra de la escultora barroca espa\u00f1ola <strong>Luisa Rold\u00e1n, conocida como &#8220;La Roldana&#8221;,<\/strong> pasaremos el d\u00eda en la capital castellana. La exposici\u00f3n en el <strong>Museo Nacional de Escultura<\/strong> nos permitir\u00e1 conocer a esta extraordinaria artista, reconocida en su tiempo y por el rey Carlos II como escultora de corte, \u00fanica artista que logr\u00f3 tal distinci\u00f3n. Aprovecharemos tambi\u00e9n para visitar una parte de la colecci\u00f3n permanente con obras magistrales de Juni, Berruguete, Gregorio Fern\u00e1ndez, Pedro de Mena o Alonso Cano.<br>El vecino <strong>Palacio Real <\/strong>fue residencia oficial de los Reyes de Espa\u00f1a a principios del siglo XVII, y en \u00e9l naci\u00f3 el rey Felipe IV y residieron varios reyes, incluso Napole\u00f3n. Construido en el siglo XVI, ha tenido modificaciones, pero mantiene una escalera monumental y un patio plateresco actualmente es sede del Ej\u00e9rcito de Tierra.<br>Concluiremos visitando el <strong>museo Patio Herreriano<\/strong> con la colecci\u00f3n de arte contempor\u00e1neo y sus exposiciones temporales Hern\u00e1ndez-Pijoan, Lara Almarcegui.<br><em>Solicita el programa con el precio si est\u00e1s interesado<\/em><\/p>\n","protected":false},"excerpt":{"rendered":"<p>Con ocasi\u00f3n de la magn\u00edfica exposici\u00f3n sobre la obra de la escultora barroca espa\u00f1ola Luisa Rold\u00e1n, conocida como &#8220;La Roldana&#8221;, pasaremos el d\u00eda en la capital castellana. La exposici\u00f3n en el Museo Nacional de Escultura nos permitir\u00e1 conocer a esta extraordinaria artista, reconocida en su tiempo y por el rey Carlos II como escultora de [&hellip;]<\/p>\n","protected":false},"author":1,"featured_media":1071,"comment_status":"open","ping_status":"closed","template":"","categories":[45],"class_list":["post-1070","eap_event","type-eap_event","status-publish","has-post-thumbnail","hentry","category-eventos-pasados"],"yoast_head":"<!-- This site is optimized with the Yoast SEO plugin v27.5 - https:\/\/yoast.com\/product\/yoast-seo-wordpress\/ -->\n<title>ESCAPADA DE D\u00cdA: VALLADOLID, exposici\u00f3n de La Roldana. S\u00e1bado 1 de marzo - Entre Arte y cultura<\/title>\n<meta name=\"robots\" content=\"index, follow, max-snippet:-1, max-image-preview:large, max-video-preview:-1\" \/>\n<link rel=\"canonical\" href=\"https:\/\/www.entrearteycultura.es\/?eap_event=escapada-de-dia-valladolid-exposicion-de-la-roldana-sabado-1-de-marzo\" \/>\n<meta property=\"og:locale\" content=\"en_US\" \/>\n<meta property=\"og:type\" content=\"article\" \/>\n<meta property=\"og:title\" content=\"ESCAPADA DE D\u00cdA: VALLADOLID, exposici\u00f3n de La Roldana. S\u00e1bado 1 de marzo - Entre Arte y cultura\" \/>\n<meta property=\"og:description\" content=\"Con ocasi\u00f3n de la magn\u00edfica exposici\u00f3n sobre la obra de la escultora barroca espa\u00f1ola Luisa Rold\u00e1n, conocida como &#8220;La Roldana&#8221;, pasaremos el d\u00eda en la capital castellana. La exposici\u00f3n en el Museo Nacional de Escultura nos permitir\u00e1 conocer a esta extraordinaria artista, reconocida en su tiempo y por el rey Carlos II como escultora de [&hellip;]\" \/>\n<meta property=\"og:url\" content=\"https:\/\/www.entrearteycultura.es\/?eap_event=escapada-de-dia-valladolid-exposicion-de-la-roldana-sabado-1-de-marzo\" \/>\n<meta property=\"og:site_name\" content=\"Entre Arte y cultura\" \/>\n<meta property=\"article:modified_time\" content=\"2025-03-02T10:05:43+00:00\" \/>\n<meta property=\"og:image\" content=\"https:\/\/www.entrearteycultura.es\/wp-content\/uploads\/2025\/01\/Imagen3.png\" \/>\n\t<meta property=\"og:image:width\" content=\"567\" \/>\n\t<meta property=\"og:image:height\" content=\"178\" \/>\n\t<meta property=\"og:image:type\" content=\"image\/png\" \/>\n<meta name=\"twitter:card\" content=\"summary_large_image\" \/>\n<meta name=\"twitter:label1\" content=\"Est. reading time\" \/>\n\t<meta name=\"twitter:data1\" content=\"1 minute\" \/>\n<script type=\"application\/ld+json\" class=\"yoast-schema-graph\">{\"@context\":\"https:\\\/\\\/schema.org\",\"@graph\":[{\"@type\":\"WebPage\",\"@id\":\"https:\\\/\\\/www.entrearteycultura.es\\\/?eap_event=escapada-de-dia-valladolid-exposicion-de-la-roldana-sabado-1-de-marzo\",\"url\":\"https:\\\/\\\/www.entrearteycultura.es\\\/?eap_event=escapada-de-dia-valladolid-exposicion-de-la-roldana-sabado-1-de-marzo\",\"name\":\"ESCAPADA DE D\u00cdA: VALLADOLID, exposici\u00f3n de La Roldana. S\u00e1bado 1 de marzo - Entre Arte y cultura\",\"isPartOf\":{\"@id\":\"https:\\\/\\\/www.entrearteycultura.es\\\/#website\"},\"primaryImageOfPage\":{\"@id\":\"https:\\\/\\\/www.entrearteycultura.es\\\/?eap_event=escapada-de-dia-valladolid-exposicion-de-la-roldana-sabado-1-de-marzo#primaryimage\"},\"image\":{\"@id\":\"https:\\\/\\\/www.entrearteycultura.es\\\/?eap_event=escapada-de-dia-valladolid-exposicion-de-la-roldana-sabado-1-de-marzo#primaryimage\"},\"thumbnailUrl\":\"https:\\\/\\\/www.entrearteycultura.es\\\/wp-content\\\/uploads\\\/2025\\\/01\\\/Imagen3.png\",\"datePublished\":\"2025-01-17T13:05:30+00:00\",\"dateModified\":\"2025-03-02T10:05:43+00:00\",\"breadcrumb\":{\"@id\":\"https:\\\/\\\/www.entrearteycultura.es\\\/?eap_event=escapada-de-dia-valladolid-exposicion-de-la-roldana-sabado-1-de-marzo#breadcrumb\"},\"inLanguage\":\"en-US\",\"potentialAction\":[{\"@type\":\"ReadAction\",\"target\":[\"https:\\\/\\\/www.entrearteycultura.es\\\/?eap_event=escapada-de-dia-valladolid-exposicion-de-la-roldana-sabado-1-de-marzo\"]}]},{\"@type\":\"ImageObject\",\"inLanguage\":\"en-US\",\"@id\":\"https:\\\/\\\/www.entrearteycultura.es\\\/?eap_event=escapada-de-dia-valladolid-exposicion-de-la-roldana-sabado-1-de-marzo#primaryimage\",\"url\":\"https:\\\/\\\/www.entrearteycultura.es\\\/wp-content\\\/uploads\\\/2025\\\/01\\\/Imagen3.png\",\"contentUrl\":\"https:\\\/\\\/www.entrearteycultura.es\\\/wp-content\\\/uploads\\\/2025\\\/01\\\/Imagen3.png\",\"width\":567,\"height\":178},{\"@type\":\"BreadcrumbList\",\"@id\":\"https:\\\/\\\/www.entrearteycultura.es\\\/?eap_event=escapada-de-dia-valladolid-exposicion-de-la-roldana-sabado-1-de-marzo#breadcrumb\",\"itemListElement\":[{\"@type\":\"ListItem\",\"position\":1,\"name\":\"Portada\",\"item\":\"https:\\\/\\\/www.entrearteycultura.es\\\/\"},{\"@type\":\"ListItem\",\"position\":2,\"name\":\"Events\",\"item\":\"https:\\\/\\\/www.entrearteycultura.es\\\/?post_type=eap_event\"},{\"@type\":\"ListItem\",\"position\":3,\"name\":\"ESCAPADA DE D\u00cdA: VALLADOLID, exposici\u00f3n de La Roldana. S\u00e1bado 1 de marzo\"}]},{\"@type\":\"WebSite\",\"@id\":\"https:\\\/\\\/www.entrearteycultura.es\\\/#website\",\"url\":\"https:\\\/\\\/www.entrearteycultura.es\\\/\",\"name\":\"Entre Arte y cultura\",\"description\":\"Viajes, eventos cuturales, conferencias y tertulias\",\"potentialAction\":[{\"@type\":\"SearchAction\",\"target\":{\"@type\":\"EntryPoint\",\"urlTemplate\":\"https:\\\/\\\/www.entrearteycultura.es\\\/?s={search_term_string}\"},\"query-input\":{\"@type\":\"PropertyValueSpecification\",\"valueRequired\":true,\"valueName\":\"search_term_string\"}}],\"inLanguage\":\"en-US\"}]}<\/script>\n<!-- \/ Yoast SEO plugin. -->","yoast_head_json":{"title":"ESCAPADA DE D\u00cdA: VALLADOLID, exposici\u00f3n de La Roldana. S\u00e1bado 1 de marzo - Entre Arte y cultura","robots":{"index":"index","follow":"follow","max-snippet":"max-snippet:-1","max-image-preview":"max-image-preview:large","max-video-preview":"max-video-preview:-1"},"canonical":"https:\/\/www.entrearteycultura.es\/?eap_event=escapada-de-dia-valladolid-exposicion-de-la-roldana-sabado-1-de-marzo","og_locale":"en_US","og_type":"article","og_title":"ESCAPADA DE D\u00cdA: VALLADOLID, exposici\u00f3n de La Roldana. S\u00e1bado 1 de marzo - Entre Arte y cultura","og_description":"Con ocasi\u00f3n de la magn\u00edfica exposici\u00f3n sobre la obra de la escultora barroca espa\u00f1ola Luisa Rold\u00e1n, conocida como &#8220;La Roldana&#8221;, pasaremos el d\u00eda en la capital castellana. La exposici\u00f3n en el Museo Nacional de Escultura nos permitir\u00e1 conocer a esta extraordinaria artista, reconocida en su tiempo y por el rey Carlos II como escultora de [&hellip;]","og_url":"https:\/\/www.entrearteycultura.es\/?eap_event=escapada-de-dia-valladolid-exposicion-de-la-roldana-sabado-1-de-marzo","og_site_name":"Entre Arte y cultura","article_modified_time":"2025-03-02T10:05:43+00:00","og_image":[{"width":567,"height":178,"url":"https:\/\/www.entrearteycultura.es\/wp-content\/uploads\/2025\/01\/Imagen3.png","type":"image\/png"}],"twitter_card":"summary_large_image","twitter_misc":{"Est. reading time":"1 minute"},"schema":{"@context":"https:\/\/schema.org","@graph":[{"@type":"WebPage","@id":"https:\/\/www.entrearteycultura.es\/?eap_event=escapada-de-dia-valladolid-exposicion-de-la-roldana-sabado-1-de-marzo","url":"https:\/\/www.entrearteycultura.es\/?eap_event=escapada-de-dia-valladolid-exposicion-de-la-roldana-sabado-1-de-marzo","name":"ESCAPADA DE D\u00cdA: VALLADOLID, exposici\u00f3n de La Roldana. S\u00e1bado 1 de marzo - Entre Arte y cultura","isPartOf":{"@id":"https:\/\/www.entrearteycultura.es\/#website"},"primaryImageOfPage":{"@id":"https:\/\/www.entrearteycultura.es\/?eap_event=escapada-de-dia-valladolid-exposicion-de-la-roldana-sabado-1-de-marzo#primaryimage"},"image":{"@id":"https:\/\/www.entrearteycultura.es\/?eap_event=escapada-de-dia-valladolid-exposicion-de-la-roldana-sabado-1-de-marzo#primaryimage"},"thumbnailUrl":"https:\/\/www.entrearteycultura.es\/wp-content\/uploads\/2025\/01\/Imagen3.png","datePublished":"2025-01-17T13:05:30+00:00","dateModified":"2025-03-02T10:05:43+00:00","breadcrumb":{"@id":"https:\/\/www.entrearteycultura.es\/?eap_event=escapada-de-dia-valladolid-exposicion-de-la-roldana-sabado-1-de-marzo#breadcrumb"},"inLanguage":"en-US","potentialAction":[{"@type":"ReadAction","target":["https:\/\/www.entrearteycultura.es\/?eap_event=escapada-de-dia-valladolid-exposicion-de-la-roldana-sabado-1-de-marzo"]}]},{"@type":"ImageObject","inLanguage":"en-US","@id":"https:\/\/www.entrearteycultura.es\/?eap_event=escapada-de-dia-valladolid-exposicion-de-la-roldana-sabado-1-de-marzo#primaryimage","url":"https:\/\/www.entrearteycultura.es\/wp-content\/uploads\/2025\/01\/Imagen3.png","contentUrl":"https:\/\/www.entrearteycultura.es\/wp-content\/uploads\/2025\/01\/Imagen3.png","width":567,"height":178},{"@type":"BreadcrumbList","@id":"https:\/\/www.entrearteycultura.es\/?eap_event=escapada-de-dia-valladolid-exposicion-de-la-roldana-sabado-1-de-marzo#breadcrumb","itemListElement":[{"@type":"ListItem","position":1,"name":"Portada","item":"https:\/\/www.entrearteycultura.es\/"},{"@type":"ListItem","position":2,"name":"Events","item":"https:\/\/www.entrearteycultura.es\/?post_type=eap_event"},{"@type":"ListItem","position":3,"name":"ESCAPADA DE D\u00cdA: VALLADOLID, exposici\u00f3n de La Roldana. S\u00e1bado 1 de marzo"}]},{"@type":"WebSite","@id":"https:\/\/www.entrearteycultura.es\/#website","url":"https:\/\/www.entrearteycultura.es\/","name":"Entre Arte y cultura","description":"Viajes, eventos cuturales, conferencias y tertulias","potentialAction":[{"@type":"SearchAction","target":{"@type":"EntryPoint","urlTemplate":"https:\/\/www.entrearteycultura.es\/?s={search_term_string}"},"query-input":{"@type":"PropertyValueSpecification","valueRequired":true,"valueName":"search_term_string"}}],"inLanguage":"en-US"}]}},"_links":{"self":[{"href":"https:\/\/www.entrearteycultura.es\/index.php?rest_route=\/wp\/v2\/eap_event\/1070","targetHints":{"allow":["GET"]}}],"collection":[{"href":"https:\/\/www.entrearteycultura.es\/index.php?rest_route=\/wp\/v2\/eap_event"}],"about":[{"href":"https:\/\/www.entrearteycultura.es\/index.php?rest_route=\/wp\/v2\/types\/eap_event"}],"author":[{"embeddable":true,"href":"https:\/\/www.entrearteycultura.es\/index.php?rest_route=\/wp\/v2\/users\/1"}],"replies":[{"embeddable":true,"href":"https:\/\/www.entrearteycultura.es\/index.php?rest_route=%2Fwp%2Fv2%2Fcomments&post=1070"}],"version-history":[{"count":1,"href":"https:\/\/www.entrearteycultura.es\/index.php?rest_route=\/wp\/v2\/eap_event\/1070\/revisions"}],"predecessor-version":[{"id":1072,"href":"https:\/\/www.entrearteycultura.es\/index.php?rest_route=\/wp\/v2\/eap_event\/1070\/revisions\/1072"}],"wp:featuredmedia":[{"embeddable":true,"href":"https:\/\/www.entrearteycultura.es\/index.php?rest_route=\/wp\/v2\/media\/1071"}],"wp:attachment":[{"href":"https:\/\/www.entrearteycultura.es\/index.php?rest_route=%2Fwp%2Fv2%2Fmedia&parent=1070"}],"wp:term":[{"taxonomy":"category","embeddable":true,"href":"https:\/\/www.entrearteycultura.es\/index.php?rest_route=%2Fwp%2Fv2%2Fcategories&post=1070"}],"curies":[{"name":"wp","href":"https:\/\/api.w.org\/{rel}","templated":true}]}}

ESCAPADA DE DÍA: VALLADOLID, exposición de La Roldana. Sábado 1 de marzo

<p>Con ocasión de la magnífica exposición sobre la obra de la escultora barroca española <strong>Luisa Roldán, conocida como &#8220;La Roldana&#8221;,</strong> pasaremos el día en la capital castellana. La exposición en el <strong>Museo Nacional de Escultura</strong> nos permitirá conocer a esta extraordinaria artista, reconocida en su tiempo y por el rey Carlos II como escultora de corte, única artista que logró tal distinción. Aprovecharemos también para visitar una parte de la colección permanente con obras magistrales de Juni, Berruguete, Gregorio Fernández, Pedro de Mena o Alonso Cano.<br>El vecino <strong>Palacio Real </strong>fue residencia oficial de los Reyes de España a principios del siglo XVII, y en él nació el rey Felipe IV y residieron varios reyes, incluso Napoleón. Construido en el siglo XVI, ha tenido modificaciones, pero mantiene una escalera monumental y un patio plateresco actualmente es sede del Ejército de Tierra.<br>Concluiremos visitando el <strong>museo Patio Herreriano</strong> con la colección de arte contemporáneo y sus exposiciones temporales Hernández-Pijoan, Lara Almarcegui.<br><em>Solicita el programa con el precio si estás interesado</em></p>

<p>Con ocasión de la magnífica exposición sobre la obra de la escultora barroca española Luisa Roldán, conocida como &#8220;La Roldana&#8221;, pasaremos el día en la capital castellana. La exposición en el Museo Nacional de Escultura nos permitirá conocer a esta extraordinaria artista, reconocida en su tiempo y por el rey Carlos II como escultora de [&hellip;]</p>

<!-- This site is optimized with the Yoast SEO plugin v27.5 - https://yoast.com/product/yoast-seo-wordpress/ -->
<title>ESCAPADA DE DÍA: VALLADOLID, exposición de La Roldana. Sábado 1 de marzo - Entre Arte y cultura</title>
<meta name="robots" content="index, follow, max-snippet:-1, max-image-preview:large, max-video-preview:-1" />
<link rel="canonical" href="https://www.entrearteycultura.es/?eap_event=escapada-de-dia-valladolid-exposicion-de-la-roldana-sabado-1-de-marzo" />
<meta property="og:locale" content="en_US" />
<meta property="og:type" content="article" />
<meta property="og:title" content="ESCAPADA DE DÍA: VALLADOLID, exposición de La Roldana. Sábado 1 de marzo - Entre Arte y cultura" />
<meta property="og:description" content="Con ocasión de la magnífica exposición sobre la obra de la escultora barroca española Luisa Roldán, conocida como &#8220;La Roldana&#8221;, pasaremos el día en la capital castellana. La exposición en el Museo Nacional de Escultura nos permitirá conocer a esta extraordinaria artista, reconocida en su tiempo y por el rey Carlos II como escultora de [&hellip;]" />
<meta property="og:url" content="https://www.entrearteycultura.es/?eap_event=escapada-de-dia-valladolid-exposicion-de-la-roldana-sabado-1-de-marzo" />
<meta property="og:site_name" content="Entre Arte y cultura" />
<meta property="article:modified_time" content="2025-03-02T10:05:43+00:00" />
<meta property="og:image" content="https://www.entrearteycultura.es/wp-content/uploads/2025/01/Imagen3.png" />
	<meta property="og:image:width" content="567" />
	<meta property="og:image:height" content="178" />
	<meta property="og:image:type" content="image/png" />
<meta name="twitter:card" content="summary_large_image" />
<meta name="twitter:label1" content="Est. reading time" />
	<meta name="twitter:data1" content="1 minute" />
<script type="application/ld+json" class="yoast-schema-graph">{"@context":"https:\/\/schema.org","@graph":[{"@type":"WebPage","@id":"https:\/\/www.entrearteycultura.es\/?eap_event=escapada-de-dia-valladolid-exposicion-de-la-roldana-sabado-1-de-marzo","url":"https:\/\/www.entrearteycultura.es\/?eap_event=escapada-de-dia-valladolid-exposicion-de-la-roldana-sabado-1-de-marzo","name":"ESCAPADA DE DÍA: VALLADOLID, exposición de La Roldana. Sábado 1 de marzo - Entre Arte y cultura","isPartOf":{"@id":"https:\/\/www.entrearteycultura.es\/#website"},"primaryImageOfPage":{"@id":"https:\/\/www.entrearteycultura.es\/?eap_event=escapada-de-dia-valladolid-exposicion-de-la-roldana-sabado-1-de-marzo#primaryimage"},"image":{"@id":"https:\/\/www.entrearteycultura.es\/?eap_event=escapada-de-dia-valladolid-exposicion-de-la-roldana-sabado-1-de-marzo#primaryimage"},"thumbnailUrl":"https:\/\/www.entrearteycultura.es\/wp-content\/uploads\/2025\/01\/Imagen3.png","datePublished":"2025-01-17T13:05:30+00:00","dateModified":"2025-03-02T10:05:43+00:00","breadcrumb":{"@id":"https:\/\/www.entrearteycultura.es\/?eap_event=escapada-de-dia-valladolid-exposicion-de-la-roldana-sabado-1-de-marzo#breadcrumb"},"inLanguage":"en-US","potentialAction":[{"@type":"ReadAction","target":["https:\/\/www.entrearteycultura.es\/?eap_event=escapada-de-dia-valladolid-exposicion-de-la-roldana-sabado-1-de-marzo"]}]},{"@type":"ImageObject","inLanguage":"en-US","@id":"https:\/\/www.entrearteycultura.es\/?eap_event=escapada-de-dia-valladolid-exposicion-de-la-roldana-sabado-1-de-marzo#primaryimage","url":"https:\/\/www.entrearteycultura.es\/wp-content\/uploads\/2025\/01\/Imagen3.png","contentUrl":"https:\/\/www.entrearteycultura.es\/wp-content\/uploads\/2025\/01\/Imagen3.png","width":567,"height":178},{"@type":"BreadcrumbList","@id":"https:\/\/www.entrearteycultura.es\/?eap_event=escapada-de-dia-valladolid-exposicion-de-la-roldana-sabado-1-de-marzo#breadcrumb","itemListElement":[{"@type":"ListItem","position":1,"name":"Portada","item":"https:\/\/www.entrearteycultura.es\/"},{"@type":"ListItem","position":2,"name":"Events","item":"https:\/\/www.entrearteycultura.es\/?post_type=eap_event"},{"@type":"ListItem","position":3,"name":"ESCAPADA DE DÍA: VALLADOLID, exposición de La Roldana. Sábado 1 de marzo"}]},{"@type":"WebSite","@id":"https:\/\/www.entrearteycultura.es\/#website","url":"https:\/\/www.entrearteycultura.es\/","name":"Entre Arte y cultura","description":"Viajes, eventos cuturales, conferencias y tertulias","potentialAction":[{"@type":"SearchAction","target":{"@type":"EntryPoint","urlTemplate":"https:\/\/www.entrearteycultura.es\/?s={search_term_string}"},"query-input":{"@type":"PropertyValueSpecification","valueRequired":true,"valueName":"search_term_string"}}],"inLanguage":"en-US"}]}</script>
<!-- / Yoast SEO plugin. -->

ESCAPADA DE DÍA: VALLADOLID, exposición de La Roldana. Sábado 1 de marzo - Entre Arte y cultura

Con ocasión de la magnífica exposición sobre la obra de la escultora barroca española Luisa Roldán, conocida como &#8220;La Roldana&#8221;, pasaremos el día en la capital castellana. La exposición en el Museo Nacional de Escultura nos permitirá conocer a esta extraordinaria artista, reconocida en su tiempo y por el rey Carlos II como escultora de [&hellip;]
