{"id":1059,"date":"2025-01-17T12:50:43","date_gmt":"2025-01-17T12:50:43","guid":{"rendered":"https:\/\/www.entrearteycultura.es\/?post_type=eap_event&#038;p=1059"},"modified":"2025-03-02T10:06:50","modified_gmt":"2025-03-02T10:06:50","slug":"visita-al-museo-municipal-de-arte-contemporaneo-jueves-13-de-febrero-1900h","status":"publish","type":"eap_event","link":"https:\/\/www.entrearteycultura.es\/?eap_event=visita-al-museo-municipal-de-arte-contemporaneo-jueves-13-de-febrero-1900h","title":{"rendered":"VISITA AL MUSEO MUNICIPAL DE ARTE CONTEMPOR\u00c1NEO. Martes 25 de febrero, 18:30h."},"content":{"rendered":"\n<p>El <strong>Museo Municipal de Arte Contempor\u00e1neo<\/strong> se encuentra situado en el antiguo <strong>Cuartel de Conde Duque<\/strong>, construido a principios del siglo XVIII, para alojar a las Reales Guardias de Corps, es una obra de uno de los arquitectos m\u00e1s importantes del barroco madrile\u00f1o, Pedro de Ribera. El museo recupera el despacho del escritor vanguardista <strong>Ram\u00f3n G\u00f3mez de la Serna,<\/strong> figura central de las vanguardias art\u00edsticas del Madrid del primer tercio del siglo XX, como parte de su colecci\u00f3n permanente y una exposici\u00f3n temporal que re\u00fane obras reci\u00e9n adquiridas por el museo con obras hist\u00f3ricas de la colecci\u00f3n que repasa la historia reciente del arte.<\/p>\n\n\n\n<p>Visita guiada de la mano de la directora del museo, \u00c1ngeles Salvador Dur\u00e1ntez.<\/p>\n\n\n\n<p>Bono<\/p>\n","protected":false},"excerpt":{"rendered":"<p>El Museo Municipal de Arte Contempor\u00e1neo se encuentra situado en el antiguo Cuartel de Conde Duque, construido a principios del siglo XVIII, para alojar a las Reales Guardias de Corps, es una obra de uno de los arquitectos m\u00e1s importantes del barroco madrile\u00f1o, Pedro de Ribera. El museo recupera el despacho del escritor vanguardista Ram\u00f3n [&hellip;]<\/p>\n","protected":false},"author":1,"featured_media":1060,"comment_status":"open","ping_status":"closed","template":"","categories":[45],"class_list":["post-1059","eap_event","type-eap_event","status-publish","has-post-thumbnail","hentry","category-eventos-pasados"],"yoast_head":"<!-- This site is optimized with the Yoast SEO plugin v27.5 - https:\/\/yoast.com\/product\/yoast-seo-wordpress\/ -->\n<title>VISITA AL MUSEO MUNICIPAL DE ARTE CONTEMPOR\u00c1NEO. Martes 25 de febrero, 18:30h. - Entre Arte y cultura<\/title>\n<meta name=\"robots\" content=\"index, follow, max-snippet:-1, max-image-preview:large, max-video-preview:-1\" \/>\n<link rel=\"canonical\" href=\"https:\/\/www.entrearteycultura.es\/?eap_event=visita-al-museo-municipal-de-arte-contemporaneo-jueves-13-de-febrero-1900h\" \/>\n<meta property=\"og:locale\" content=\"en_US\" \/>\n<meta property=\"og:type\" content=\"article\" \/>\n<meta property=\"og:title\" content=\"VISITA AL MUSEO MUNICIPAL DE ARTE CONTEMPOR\u00c1NEO. Martes 25 de febrero, 18:30h. - Entre Arte y cultura\" \/>\n<meta property=\"og:description\" content=\"El Museo Municipal de Arte Contempor\u00e1neo se encuentra situado en el antiguo Cuartel de Conde Duque, construido a principios del siglo XVIII, para alojar a las Reales Guardias de Corps, es una obra de uno de los arquitectos m\u00e1s importantes del barroco madrile\u00f1o, Pedro de Ribera. El museo recupera el despacho del escritor vanguardista Ram\u00f3n [&hellip;]\" \/>\n<meta property=\"og:url\" content=\"https:\/\/www.entrearteycultura.es\/?eap_event=visita-al-museo-municipal-de-arte-contemporaneo-jueves-13-de-febrero-1900h\" \/>\n<meta property=\"og:site_name\" content=\"Entre Arte y cultura\" \/>\n<meta property=\"article:modified_time\" content=\"2025-03-02T10:06:50+00:00\" \/>\n<meta property=\"og:image\" content=\"https:\/\/www.entrearteycultura.es\/wp-content\/uploads\/2025\/01\/Imagen1-1.png\" \/>\n\t<meta property=\"og:image:width\" content=\"567\" \/>\n\t<meta property=\"og:image:height\" content=\"248\" \/>\n\t<meta property=\"og:image:type\" content=\"image\/png\" \/>\n<meta name=\"twitter:card\" content=\"summary_large_image\" \/>\n<meta name=\"twitter:label1\" content=\"Est. reading time\" \/>\n\t<meta name=\"twitter:data1\" content=\"1 minute\" \/>\n<script type=\"application\/ld+json\" class=\"yoast-schema-graph\">{\"@context\":\"https:\\\/\\\/schema.org\",\"@graph\":[{\"@type\":\"WebPage\",\"@id\":\"https:\\\/\\\/www.entrearteycultura.es\\\/?eap_event=visita-al-museo-municipal-de-arte-contemporaneo-jueves-13-de-febrero-1900h\",\"url\":\"https:\\\/\\\/www.entrearteycultura.es\\\/?eap_event=visita-al-museo-municipal-de-arte-contemporaneo-jueves-13-de-febrero-1900h\",\"name\":\"VISITA AL MUSEO MUNICIPAL DE ARTE CONTEMPOR\u00c1NEO. Martes 25 de febrero, 18:30h. - Entre Arte y cultura\",\"isPartOf\":{\"@id\":\"https:\\\/\\\/www.entrearteycultura.es\\\/#website\"},\"primaryImageOfPage\":{\"@id\":\"https:\\\/\\\/www.entrearteycultura.es\\\/?eap_event=visita-al-museo-municipal-de-arte-contemporaneo-jueves-13-de-febrero-1900h#primaryimage\"},\"image\":{\"@id\":\"https:\\\/\\\/www.entrearteycultura.es\\\/?eap_event=visita-al-museo-municipal-de-arte-contemporaneo-jueves-13-de-febrero-1900h#primaryimage\"},\"thumbnailUrl\":\"https:\\\/\\\/www.entrearteycultura.es\\\/wp-content\\\/uploads\\\/2025\\\/01\\\/Imagen1-1.png\",\"datePublished\":\"2025-01-17T12:50:43+00:00\",\"dateModified\":\"2025-03-02T10:06:50+00:00\",\"breadcrumb\":{\"@id\":\"https:\\\/\\\/www.entrearteycultura.es\\\/?eap_event=visita-al-museo-municipal-de-arte-contemporaneo-jueves-13-de-febrero-1900h#breadcrumb\"},\"inLanguage\":\"en-US\",\"potentialAction\":[{\"@type\":\"ReadAction\",\"target\":[\"https:\\\/\\\/www.entrearteycultura.es\\\/?eap_event=visita-al-museo-municipal-de-arte-contemporaneo-jueves-13-de-febrero-1900h\"]}]},{\"@type\":\"ImageObject\",\"inLanguage\":\"en-US\",\"@id\":\"https:\\\/\\\/www.entrearteycultura.es\\\/?eap_event=visita-al-museo-municipal-de-arte-contemporaneo-jueves-13-de-febrero-1900h#primaryimage\",\"url\":\"https:\\\/\\\/www.entrearteycultura.es\\\/wp-content\\\/uploads\\\/2025\\\/01\\\/Imagen1-1.png\",\"contentUrl\":\"https:\\\/\\\/www.entrearteycultura.es\\\/wp-content\\\/uploads\\\/2025\\\/01\\\/Imagen1-1.png\",\"width\":567,\"height\":248},{\"@type\":\"BreadcrumbList\",\"@id\":\"https:\\\/\\\/www.entrearteycultura.es\\\/?eap_event=visita-al-museo-municipal-de-arte-contemporaneo-jueves-13-de-febrero-1900h#breadcrumb\",\"itemListElement\":[{\"@type\":\"ListItem\",\"position\":1,\"name\":\"Portada\",\"item\":\"https:\\\/\\\/www.entrearteycultura.es\\\/\"},{\"@type\":\"ListItem\",\"position\":2,\"name\":\"Events\",\"item\":\"https:\\\/\\\/www.entrearteycultura.es\\\/?post_type=eap_event\"},{\"@type\":\"ListItem\",\"position\":3,\"name\":\"VISITA AL MUSEO MUNICIPAL DE ARTE CONTEMPOR\u00c1NEO. Martes 25 de febrero, 18:30h.\"}]},{\"@type\":\"WebSite\",\"@id\":\"https:\\\/\\\/www.entrearteycultura.es\\\/#website\",\"url\":\"https:\\\/\\\/www.entrearteycultura.es\\\/\",\"name\":\"Entre Arte y cultura\",\"description\":\"Viajes, eventos cuturales, conferencias y tertulias\",\"potentialAction\":[{\"@type\":\"SearchAction\",\"target\":{\"@type\":\"EntryPoint\",\"urlTemplate\":\"https:\\\/\\\/www.entrearteycultura.es\\\/?s={search_term_string}\"},\"query-input\":{\"@type\":\"PropertyValueSpecification\",\"valueRequired\":true,\"valueName\":\"search_term_string\"}}],\"inLanguage\":\"en-US\"}]}<\/script>\n<!-- \/ Yoast SEO plugin. -->","yoast_head_json":{"title":"VISITA AL MUSEO MUNICIPAL DE ARTE CONTEMPOR\u00c1NEO. Martes 25 de febrero, 18:30h. - Entre Arte y cultura","robots":{"index":"index","follow":"follow","max-snippet":"max-snippet:-1","max-image-preview":"max-image-preview:large","max-video-preview":"max-video-preview:-1"},"canonical":"https:\/\/www.entrearteycultura.es\/?eap_event=visita-al-museo-municipal-de-arte-contemporaneo-jueves-13-de-febrero-1900h","og_locale":"en_US","og_type":"article","og_title":"VISITA AL MUSEO MUNICIPAL DE ARTE CONTEMPOR\u00c1NEO. Martes 25 de febrero, 18:30h. - Entre Arte y cultura","og_description":"El Museo Municipal de Arte Contempor\u00e1neo se encuentra situado en el antiguo Cuartel de Conde Duque, construido a principios del siglo XVIII, para alojar a las Reales Guardias de Corps, es una obra de uno de los arquitectos m\u00e1s importantes del barroco madrile\u00f1o, Pedro de Ribera. El museo recupera el despacho del escritor vanguardista Ram\u00f3n [&hellip;]","og_url":"https:\/\/www.entrearteycultura.es\/?eap_event=visita-al-museo-municipal-de-arte-contemporaneo-jueves-13-de-febrero-1900h","og_site_name":"Entre Arte y cultura","article_modified_time":"2025-03-02T10:06:50+00:00","og_image":[{"width":567,"height":248,"url":"https:\/\/www.entrearteycultura.es\/wp-content\/uploads\/2025\/01\/Imagen1-1.png","type":"image\/png"}],"twitter_card":"summary_large_image","twitter_misc":{"Est. reading time":"1 minute"},"schema":{"@context":"https:\/\/schema.org","@graph":[{"@type":"WebPage","@id":"https:\/\/www.entrearteycultura.es\/?eap_event=visita-al-museo-municipal-de-arte-contemporaneo-jueves-13-de-febrero-1900h","url":"https:\/\/www.entrearteycultura.es\/?eap_event=visita-al-museo-municipal-de-arte-contemporaneo-jueves-13-de-febrero-1900h","name":"VISITA AL MUSEO MUNICIPAL DE ARTE CONTEMPOR\u00c1NEO. Martes 25 de febrero, 18:30h. - Entre Arte y cultura","isPartOf":{"@id":"https:\/\/www.entrearteycultura.es\/#website"},"primaryImageOfPage":{"@id":"https:\/\/www.entrearteycultura.es\/?eap_event=visita-al-museo-municipal-de-arte-contemporaneo-jueves-13-de-febrero-1900h#primaryimage"},"image":{"@id":"https:\/\/www.entrearteycultura.es\/?eap_event=visita-al-museo-municipal-de-arte-contemporaneo-jueves-13-de-febrero-1900h#primaryimage"},"thumbnailUrl":"https:\/\/www.entrearteycultura.es\/wp-content\/uploads\/2025\/01\/Imagen1-1.png","datePublished":"2025-01-17T12:50:43+00:00","dateModified":"2025-03-02T10:06:50+00:00","breadcrumb":{"@id":"https:\/\/www.entrearteycultura.es\/?eap_event=visita-al-museo-municipal-de-arte-contemporaneo-jueves-13-de-febrero-1900h#breadcrumb"},"inLanguage":"en-US","potentialAction":[{"@type":"ReadAction","target":["https:\/\/www.entrearteycultura.es\/?eap_event=visita-al-museo-municipal-de-arte-contemporaneo-jueves-13-de-febrero-1900h"]}]},{"@type":"ImageObject","inLanguage":"en-US","@id":"https:\/\/www.entrearteycultura.es\/?eap_event=visita-al-museo-municipal-de-arte-contemporaneo-jueves-13-de-febrero-1900h#primaryimage","url":"https:\/\/www.entrearteycultura.es\/wp-content\/uploads\/2025\/01\/Imagen1-1.png","contentUrl":"https:\/\/www.entrearteycultura.es\/wp-content\/uploads\/2025\/01\/Imagen1-1.png","width":567,"height":248},{"@type":"BreadcrumbList","@id":"https:\/\/www.entrearteycultura.es\/?eap_event=visita-al-museo-municipal-de-arte-contemporaneo-jueves-13-de-febrero-1900h#breadcrumb","itemListElement":[{"@type":"ListItem","position":1,"name":"Portada","item":"https:\/\/www.entrearteycultura.es\/"},{"@type":"ListItem","position":2,"name":"Events","item":"https:\/\/www.entrearteycultura.es\/?post_type=eap_event"},{"@type":"ListItem","position":3,"name":"VISITA AL MUSEO MUNICIPAL DE ARTE CONTEMPOR\u00c1NEO. Martes 25 de febrero, 18:30h."}]},{"@type":"WebSite","@id":"https:\/\/www.entrearteycultura.es\/#website","url":"https:\/\/www.entrearteycultura.es\/","name":"Entre Arte y cultura","description":"Viajes, eventos cuturales, conferencias y tertulias","potentialAction":[{"@type":"SearchAction","target":{"@type":"EntryPoint","urlTemplate":"https:\/\/www.entrearteycultura.es\/?s={search_term_string}"},"query-input":{"@type":"PropertyValueSpecification","valueRequired":true,"valueName":"search_term_string"}}],"inLanguage":"en-US"}]}},"_links":{"self":[{"href":"https:\/\/www.entrearteycultura.es\/index.php?rest_route=\/wp\/v2\/eap_event\/1059","targetHints":{"allow":["GET"]}}],"collection":[{"href":"https:\/\/www.entrearteycultura.es\/index.php?rest_route=\/wp\/v2\/eap_event"}],"about":[{"href":"https:\/\/www.entrearteycultura.es\/index.php?rest_route=\/wp\/v2\/types\/eap_event"}],"author":[{"embeddable":true,"href":"https:\/\/www.entrearteycultura.es\/index.php?rest_route=\/wp\/v2\/users\/1"}],"replies":[{"embeddable":true,"href":"https:\/\/www.entrearteycultura.es\/index.php?rest_route=%2Fwp%2Fv2%2Fcomments&post=1059"}],"version-history":[{"count":2,"href":"https:\/\/www.entrearteycultura.es\/index.php?rest_route=\/wp\/v2\/eap_event\/1059\/revisions"}],"predecessor-version":[{"id":1090,"href":"https:\/\/www.entrearteycultura.es\/index.php?rest_route=\/wp\/v2\/eap_event\/1059\/revisions\/1090"}],"wp:featuredmedia":[{"embeddable":true,"href":"https:\/\/www.entrearteycultura.es\/index.php?rest_route=\/wp\/v2\/media\/1060"}],"wp:attachment":[{"href":"https:\/\/www.entrearteycultura.es\/index.php?rest_route=%2Fwp%2Fv2%2Fmedia&parent=1059"}],"wp:term":[{"taxonomy":"category","embeddable":true,"href":"https:\/\/www.entrearteycultura.es\/index.php?rest_route=%2Fwp%2Fv2%2Fcategories&post=1059"}],"curies":[{"name":"wp","href":"https:\/\/api.w.org\/{rel}","templated":true}]}}

VISITA AL MUSEO MUNICIPAL DE ARTE CONTEMPORÁNEO. Martes 25 de febrero, 18:30h.

<p>El <strong>Museo Municipal de Arte Contemporáneo</strong> se encuentra situado en el antiguo <strong>Cuartel de Conde Duque</strong>, construido a principios del siglo XVIII, para alojar a las Reales Guardias de Corps, es una obra de uno de los arquitectos más importantes del barroco madrileño, Pedro de Ribera. El museo recupera el despacho del escritor vanguardista <strong>Ramón Gómez de la Serna,</strong> figura central de las vanguardias artísticas del Madrid del primer tercio del siglo XX, como parte de su colección permanente y una exposición temporal que reúne obras recién adquiridas por el museo con obras históricas de la colección que repasa la historia reciente del arte.</p>



<p>Visita guiada de la mano de la directora del museo, Ángeles Salvador Durántez.</p>



<p>Bono</p>

<p>El Museo Municipal de Arte Contemporáneo se encuentra situado en el antiguo Cuartel de Conde Duque, construido a principios del siglo XVIII, para alojar a las Reales Guardias de Corps, es una obra de uno de los arquitectos más importantes del barroco madrileño, Pedro de Ribera. El museo recupera el despacho del escritor vanguardista Ramón [&hellip;]</p>

<!-- This site is optimized with the Yoast SEO plugin v27.5 - https://yoast.com/product/yoast-seo-wordpress/ -->
<title>VISITA AL MUSEO MUNICIPAL DE ARTE CONTEMPORÁNEO. Martes 25 de febrero, 18:30h. - Entre Arte y cultura</title>
<meta name="robots" content="index, follow, max-snippet:-1, max-image-preview:large, max-video-preview:-1" />
<link rel="canonical" href="https://www.entrearteycultura.es/?eap_event=visita-al-museo-municipal-de-arte-contemporaneo-jueves-13-de-febrero-1900h" />
<meta property="og:locale" content="en_US" />
<meta property="og:type" content="article" />
<meta property="og:title" content="VISITA AL MUSEO MUNICIPAL DE ARTE CONTEMPORÁNEO. Martes 25 de febrero, 18:30h. - Entre Arte y cultura" />
<meta property="og:description" content="El Museo Municipal de Arte Contemporáneo se encuentra situado en el antiguo Cuartel de Conde Duque, construido a principios del siglo XVIII, para alojar a las Reales Guardias de Corps, es una obra de uno de los arquitectos más importantes del barroco madrileño, Pedro de Ribera. El museo recupera el despacho del escritor vanguardista Ramón [&hellip;]" />
<meta property="og:url" content="https://www.entrearteycultura.es/?eap_event=visita-al-museo-municipal-de-arte-contemporaneo-jueves-13-de-febrero-1900h" />
<meta property="og:site_name" content="Entre Arte y cultura" />
<meta property="article:modified_time" content="2025-03-02T10:06:50+00:00" />
<meta property="og:image" content="https://www.entrearteycultura.es/wp-content/uploads/2025/01/Imagen1-1.png" />
	<meta property="og:image:width" content="567" />
	<meta property="og:image:height" content="248" />
	<meta property="og:image:type" content="image/png" />
<meta name="twitter:card" content="summary_large_image" />
<meta name="twitter:label1" content="Est. reading time" />
	<meta name="twitter:data1" content="1 minute" />
<script type="application/ld+json" class="yoast-schema-graph">{"@context":"https:\/\/schema.org","@graph":[{"@type":"WebPage","@id":"https:\/\/www.entrearteycultura.es\/?eap_event=visita-al-museo-municipal-de-arte-contemporaneo-jueves-13-de-febrero-1900h","url":"https:\/\/www.entrearteycultura.es\/?eap_event=visita-al-museo-municipal-de-arte-contemporaneo-jueves-13-de-febrero-1900h","name":"VISITA AL MUSEO MUNICIPAL DE ARTE CONTEMPORÁNEO. Martes 25 de febrero, 18:30h. - Entre Arte y cultura","isPartOf":{"@id":"https:\/\/www.entrearteycultura.es\/#website"},"primaryImageOfPage":{"@id":"https:\/\/www.entrearteycultura.es\/?eap_event=visita-al-museo-municipal-de-arte-contemporaneo-jueves-13-de-febrero-1900h#primaryimage"},"image":{"@id":"https:\/\/www.entrearteycultura.es\/?eap_event=visita-al-museo-municipal-de-arte-contemporaneo-jueves-13-de-febrero-1900h#primaryimage"},"thumbnailUrl":"https:\/\/www.entrearteycultura.es\/wp-content\/uploads\/2025\/01\/Imagen1-1.png","datePublished":"2025-01-17T12:50:43+00:00","dateModified":"2025-03-02T10:06:50+00:00","breadcrumb":{"@id":"https:\/\/www.entrearteycultura.es\/?eap_event=visita-al-museo-municipal-de-arte-contemporaneo-jueves-13-de-febrero-1900h#breadcrumb"},"inLanguage":"en-US","potentialAction":[{"@type":"ReadAction","target":["https:\/\/www.entrearteycultura.es\/?eap_event=visita-al-museo-municipal-de-arte-contemporaneo-jueves-13-de-febrero-1900h"]}]},{"@type":"ImageObject","inLanguage":"en-US","@id":"https:\/\/www.entrearteycultura.es\/?eap_event=visita-al-museo-municipal-de-arte-contemporaneo-jueves-13-de-febrero-1900h#primaryimage","url":"https:\/\/www.entrearteycultura.es\/wp-content\/uploads\/2025\/01\/Imagen1-1.png","contentUrl":"https:\/\/www.entrearteycultura.es\/wp-content\/uploads\/2025\/01\/Imagen1-1.png","width":567,"height":248},{"@type":"BreadcrumbList","@id":"https:\/\/www.entrearteycultura.es\/?eap_event=visita-al-museo-municipal-de-arte-contemporaneo-jueves-13-de-febrero-1900h#breadcrumb","itemListElement":[{"@type":"ListItem","position":1,"name":"Portada","item":"https:\/\/www.entrearteycultura.es\/"},{"@type":"ListItem","position":2,"name":"Events","item":"https:\/\/www.entrearteycultura.es\/?post_type=eap_event"},{"@type":"ListItem","position":3,"name":"VISITA AL MUSEO MUNICIPAL DE ARTE CONTEMPORÁNEO. Martes 25 de febrero, 18:30h."}]},{"@type":"WebSite","@id":"https:\/\/www.entrearteycultura.es\/#website","url":"https:\/\/www.entrearteycultura.es\/","name":"Entre Arte y cultura","description":"Viajes, eventos cuturales, conferencias y tertulias","potentialAction":[{"@type":"SearchAction","target":{"@type":"EntryPoint","urlTemplate":"https:\/\/www.entrearteycultura.es\/?s={search_term_string}"},"query-input":{"@type":"PropertyValueSpecification","valueRequired":true,"valueName":"search_term_string"}}],"inLanguage":"en-US"}]}</script>
<!-- / Yoast SEO plugin. -->

VISITA AL MUSEO MUNICIPAL DE ARTE CONTEMPORÁNEO. Martes 25 de febrero, 18:30h. - Entre Arte y cultura

El Museo Municipal de Arte Contemporáneo se encuentra situado en el antiguo Cuartel de Conde Duque, construido a principios del siglo XVIII, para alojar a las Reales Guardias de Corps, es una obra de uno de los arquitectos más importantes del barroco madrileño, Pedro de Ribera. El museo recupera el despacho del escritor vanguardista Ramón [&hellip;]
